{"id":841,"date":"2018-11-13T07:07:36","date_gmt":"2018-11-13T07:07:36","guid":{"rendered":"https:\/\/code.efi.ohmportal.de\/blog\/?page_id=841"},"modified":"2018-11-13T07:07:56","modified_gmt":"2018-11-13T07:07:56","slug":"chatbot-entwicklung-mit-dialogflow","status":"publish","type":"page","link":"https:\/\/code.efi.ohmportal.de\/blog\/abschlussarbeiten\/chatbot-entwicklung-mit-dialogflow\/","title":{"rendered":"Chatbot-Entwicklung mit DialogFlow"},"content":{"rendered":"<h2>Worum geht es?<\/h2>\n<p>Conversational User Interfaces (CUI) sind ein vielbeachteter Ansatz f\u00fcr neuartige Mensch-Maschine-Kommunikation. Man versteht darunter sowohl sprachbasierte Interaktion (z.B. \u201eAlexa\u201c) als auch Textschnittstellen (\u201eChatbots\u201c). Auch im Bereich Medizintechnik sind CUIs einsetzbar, um z.B. Einschr\u00e4nkungen bei der Nutzung herk\u00f6mmlicher Nutzungsoberfl\u00e4chen zu umgehen.<\/p>\n<p><a href=\"https:\/\/code.efi.ohmportal.de\/blog\/chatbot-entwicklung-mit-dialogflow\/dialogflow-600x209-png-pagespeed-ce-o6mtyiwmrm\/\" rel=\"attachment wp-att-842\"><img loading=\"lazy\" decoding=\"async\" class=\"wp-image-842 alignleft\" src=\"https:\/\/code.efi.ohmportal.de\/blog\/wp-content\/uploads\/2018\/11\/dialogflow-600x209.png.pagespeed.ce_.O6MTyIWmrm-300x105.png\" alt=\"DialogFLow Logo\" width=\"277\" height=\"97\" srcset=\"https:\/\/code.efi.ohmportal.de\/blog\/wp-content\/uploads\/2018\/11\/dialogflow-600x209.png.pagespeed.ce_.O6MTyIWmrm-300x105.png 300w, https:\/\/code.efi.ohmportal.de\/blog\/wp-content\/uploads\/2018\/11\/dialogflow-600x209.png.pagespeed.ce_.O6MTyIWmrm.png 600w\" sizes=\"auto, (max-width: 277px) 100vw, 277px\" \/><\/a>Ein leistungsf\u00e4higes Werkzeug zur Erstellung von CUIs ist <a href=\"https:\/\/dialogflow.com\/\">DialogFlow<\/a>. Es erlaubt webbasiert die Definition von Dialogabl\u00e4ufen, die \u201eauf Knopfdruck\u201c in einen Prototypen umgewandelt werden, der leicht in verbreitete Messaging-System (z.B. Facebook Communicator, Skype, Slack etc.) als Chatbot integriert werden kann.<\/p>\n<p>Ziel der Projektarbeit ist die Entwicklung eines Chatbots f\u00fcr ein Beratungsgespr\u00e4ch in komplizierten Entscheidungssituationen. Hier muss durch intelligente Nachfragen soviel Information eingesammelt werden, dass anschlie\u00dfend eine valide Handlungsempfehlung gegeben werden kann. Das Anwendungsgebiet ist w\u00e4hlbar aus den Bereichen Medizintechnik (z.B. Therapieberatung) oder Hochschulorganisation (z.B. Beratung zum Praxissemester).<\/p>\n<p>Die Projektarbeit eignet sich f\u00fcr 2-3 Studierende, die sich mit der Gestaltung von CUIs besch\u00e4ftigen m\u00f6chten. F\u00fcr die Nutzung von DialogFlow sind keine Programmierkenntnisse erforderlich. Allerdings muss die nachgeschaltete Beratungslogik codiert werden, d.h. min. ein Teilnehmer sollte die Programmierherausforderung annehmen.<\/p>\n<h2><strong>Learning Outcomes<\/strong><\/h2>\n<p>Sie gewinnen einen vertieften Einblick in die Funktionsweise von CUIs. Begriffe wie \u201eIntent\u201c, \u201eUtterance\u201c und \u201eSlot\u201c sind im Anschluss keine Fremdw\u00f6rter mehr. Mit DialogFlow lernen Sie eines der weit verbreiteten Werkzeuge f\u00fcr Natural Language Processing (NLP) kennen.<\/p>\n<p>Bei der Implementierung der Beratungslogik erlernen Sie die Nutzung von Web-Technologien wie z.B. REST-Schnittstellen. Gleichzeit sammeln Sie Erfahrung mit modernen Programmiersprachen wie z.B. Python.<\/p>\n<h2>Kontakt<\/h2>\n<p>Bitte wenden Sie sich bei Interesse an:<\/p>\n<p><a href=\"http:\/\/www.dokoliho.de\">Prof. Dr. Oliver Hofmann<\/a><\/p>\n","protected":false},"excerpt":{"rendered":"<p>Worum geht es? Conversational User Interfaces (CUI) sind ein vielbeachteter Ansatz f\u00fcr neuartige Mensch-Maschine-Kommunikation. Man versteht darunter sowohl sprachbasierte Interaktion (z.B. \u201eAlexa\u201c) als auch Textschnittstellen (\u201eChatbots\u201c). Auch im Bereich Medizintechnik sind CUIs einsetzbar, um z.B. Einschr\u00e4nkungen bei der Nutzung herk\u00f6mmlicher Nutzungsoberfl\u00e4chen zu umgehen. Ein leistungsf\u00e4higes Werkzeug zur Erstellung von CUIs ist DialogFlow. Es erlaubt webbasiert &hellip; <a href=\"https:\/\/code.efi.ohmportal.de\/blog\/abschlussarbeiten\/chatbot-entwicklung-mit-dialogflow\/\" class=\"more-link\"><span class=\"screen-reader-text\">Chatbot-Entwicklung mit DialogFlow<\/span> weiterlesen<\/a><\/p>\n","protected":false},"author":1,"featured_media":0,"parent":323,"menu_order":0,"comment_status":"closed","ping_status":"closed","template":"","meta":{"jetpack_post_was_ever_published":false,"footnotes":""},"class_list":["post-841","page","type-page","status-publish","hentry"],"yoast_head":"<!-- This site is optimized with the Yoast SEO plugin v27.0 - https:\/\/yoast.com\/product\/yoast-seo-wordpress\/ -->\n<title>Chatbot-Entwicklung mit DialogFlow - Code Comments<\/title>\n<meta name=\"robots\" content=\"index, follow, max-snippet:-1, max-image-preview:large, max-video-preview:-1\" \/>\n<link rel=\"canonical\" href=\"https:\/\/code.efi.ohmportal.de\/blog\/abschlussarbeiten\/chatbot-entwicklung-mit-dialogflow\/\" \/>\n<meta property=\"og:locale\" content=\"de_DE\" \/>\n<meta property=\"og:type\" content=\"article\" \/>\n<meta property=\"og:title\" content=\"Chatbot-Entwicklung mit DialogFlow - Code Comments\" \/>\n<meta property=\"og:description\" content=\"Worum geht es? Conversational User Interfaces (CUI) sind ein vielbeachteter Ansatz f\u00fcr neuartige Mensch-Maschine-Kommunikation. Man versteht darunter sowohl sprachbasierte Interaktion (z.B. \u201eAlexa\u201c) als auch Textschnittstellen (\u201eChatbots\u201c). Auch im Bereich Medizintechnik sind CUIs einsetzbar, um z.B. Einschr\u00e4nkungen bei der Nutzung herk\u00f6mmlicher Nutzungsoberfl\u00e4chen zu umgehen. Ein leistungsf\u00e4higes Werkzeug zur Erstellung von CUIs ist DialogFlow. Es erlaubt webbasiert &hellip; Chatbot-Entwicklung mit DialogFlow weiterlesen\" \/>\n<meta property=\"og:url\" content=\"https:\/\/code.efi.ohmportal.de\/blog\/abschlussarbeiten\/chatbot-entwicklung-mit-dialogflow\/\" \/>\n<meta property=\"og:site_name\" content=\"Code Comments\" \/>\n<meta property=\"article:modified_time\" content=\"2018-11-13T07:07:56+00:00\" \/>\n<meta property=\"og:image\" content=\"https:\/\/code.efi.ohmportal.de\/blog\/wp-content\/uploads\/2018\/11\/dialogflow-600x209.png.pagespeed.ce_.O6MTyIWmrm-300x105.png\" \/>\n<meta name=\"twitter:label1\" content=\"Gesch\u00e4tzte Lesezeit\" \/>\n\t<meta name=\"twitter:data1\" content=\"1\u00a0Minute\" \/>\n<script type=\"application\/ld+json\" class=\"yoast-schema-graph\">{\"@context\":\"https:\/\/schema.org\",\"@graph\":[{\"@type\":\"WebPage\",\"@id\":\"https:\/\/code.efi.ohmportal.de\/blog\/abschlussarbeiten\/chatbot-entwicklung-mit-dialogflow\/\",\"url\":\"https:\/\/code.efi.ohmportal.de\/blog\/abschlussarbeiten\/chatbot-entwicklung-mit-dialogflow\/\",\"name\":\"Chatbot-Entwicklung mit DialogFlow - Code Comments\",\"isPartOf\":{\"@id\":\"https:\/\/code.efi.ohmportal.de\/blog\/#website\"},\"primaryImageOfPage\":{\"@id\":\"https:\/\/code.efi.ohmportal.de\/blog\/abschlussarbeiten\/chatbot-entwicklung-mit-dialogflow\/#primaryimage\"},\"image\":{\"@id\":\"https:\/\/code.efi.ohmportal.de\/blog\/abschlussarbeiten\/chatbot-entwicklung-mit-dialogflow\/#primaryimage\"},\"thumbnailUrl\":\"https:\/\/code.efi.ohmportal.de\/blog\/wp-content\/uploads\/2018\/11\/dialogflow-600x209.png.pagespeed.ce_.O6MTyIWmrm-300x105.png\",\"datePublished\":\"2018-11-13T07:07:36+00:00\",\"dateModified\":\"2018-11-13T07:07:56+00:00\",\"breadcrumb\":{\"@id\":\"https:\/\/code.efi.ohmportal.de\/blog\/abschlussarbeiten\/chatbot-entwicklung-mit-dialogflow\/#breadcrumb\"},\"inLanguage\":\"de\",\"potentialAction\":[{\"@type\":\"ReadAction\",\"target\":[\"https:\/\/code.efi.ohmportal.de\/blog\/abschlussarbeiten\/chatbot-entwicklung-mit-dialogflow\/\"]}]},{\"@type\":\"ImageObject\",\"inLanguage\":\"de\",\"@id\":\"https:\/\/code.efi.ohmportal.de\/blog\/abschlussarbeiten\/chatbot-entwicklung-mit-dialogflow\/#primaryimage\",\"url\":\"https:\/\/code.efi.ohmportal.de\/blog\/wp-content\/uploads\/2018\/11\/dialogflow-600x209.png.pagespeed.ce_.O6MTyIWmrm.png\",\"contentUrl\":\"https:\/\/code.efi.ohmportal.de\/blog\/wp-content\/uploads\/2018\/11\/dialogflow-600x209.png.pagespeed.ce_.O6MTyIWmrm.png\",\"width\":600,\"height\":209,\"caption\":\"DialogFLow Logo\"},{\"@type\":\"BreadcrumbList\",\"@id\":\"https:\/\/code.efi.ohmportal.de\/blog\/abschlussarbeiten\/chatbot-entwicklung-mit-dialogflow\/#breadcrumb\",\"itemListElement\":[{\"@type\":\"ListItem\",\"position\":1,\"name\":\"Angebot von Projekt- und Abschlussarbeiten\",\"item\":\"https:\/\/code.efi.ohmportal.de\/blog\/abschlussarbeiten\/\"},{\"@type\":\"ListItem\",\"position\":2,\"name\":\"Chatbot-Entwicklung mit DialogFlow\"}]},{\"@type\":\"WebSite\",\"@id\":\"https:\/\/code.efi.ohmportal.de\/blog\/#website\",\"url\":\"https:\/\/code.efi.ohmportal.de\/blog\/\",\"name\":\"Code Comments\",\"description\":\"\",\"potentialAction\":[{\"@type\":\"SearchAction\",\"target\":{\"@type\":\"EntryPoint\",\"urlTemplate\":\"https:\/\/code.efi.ohmportal.de\/blog\/?s={search_term_string}\"},\"query-input\":{\"@type\":\"PropertyValueSpecification\",\"valueRequired\":true,\"valueName\":\"search_term_string\"}}],\"inLanguage\":\"de\"}]}<\/script>\n<!-- \/ Yoast SEO plugin. -->","yoast_head_json":{"title":"Chatbot-Entwicklung mit DialogFlow - Code Comments","robots":{"index":"index","follow":"follow","max-snippet":"max-snippet:-1","max-image-preview":"max-image-preview:large","max-video-preview":"max-video-preview:-1"},"canonical":"https:\/\/code.efi.ohmportal.de\/blog\/abschlussarbeiten\/chatbot-entwicklung-mit-dialogflow\/","og_locale":"de_DE","og_type":"article","og_title":"Chatbot-Entwicklung mit DialogFlow - Code Comments","og_description":"Worum geht es? Conversational User Interfaces (CUI) sind ein vielbeachteter Ansatz f\u00fcr neuartige Mensch-Maschine-Kommunikation. Man versteht darunter sowohl sprachbasierte Interaktion (z.B. \u201eAlexa\u201c) als auch Textschnittstellen (\u201eChatbots\u201c). Auch im Bereich Medizintechnik sind CUIs einsetzbar, um z.B. Einschr\u00e4nkungen bei der Nutzung herk\u00f6mmlicher Nutzungsoberfl\u00e4chen zu umgehen. Ein leistungsf\u00e4higes Werkzeug zur Erstellung von CUIs ist DialogFlow. Es erlaubt webbasiert &hellip; Chatbot-Entwicklung mit DialogFlow weiterlesen","og_url":"https:\/\/code.efi.ohmportal.de\/blog\/abschlussarbeiten\/chatbot-entwicklung-mit-dialogflow\/","og_site_name":"Code Comments","article_modified_time":"2018-11-13T07:07:56+00:00","og_image":[{"url":"https:\/\/code.efi.ohmportal.de\/blog\/wp-content\/uploads\/2018\/11\/dialogflow-600x209.png.pagespeed.ce_.O6MTyIWmrm-300x105.png","type":"","width":"","height":""}],"twitter_misc":{"Gesch\u00e4tzte Lesezeit":"1\u00a0Minute"},"schema":{"@context":"https:\/\/schema.org","@graph":[{"@type":"WebPage","@id":"https:\/\/code.efi.ohmportal.de\/blog\/abschlussarbeiten\/chatbot-entwicklung-mit-dialogflow\/","url":"https:\/\/code.efi.ohmportal.de\/blog\/abschlussarbeiten\/chatbot-entwicklung-mit-dialogflow\/","name":"Chatbot-Entwicklung mit DialogFlow - Code Comments","isPartOf":{"@id":"https:\/\/code.efi.ohmportal.de\/blog\/#website"},"primaryImageOfPage":{"@id":"https:\/\/code.efi.ohmportal.de\/blog\/abschlussarbeiten\/chatbot-entwicklung-mit-dialogflow\/#primaryimage"},"image":{"@id":"https:\/\/code.efi.ohmportal.de\/blog\/abschlussarbeiten\/chatbot-entwicklung-mit-dialogflow\/#primaryimage"},"thumbnailUrl":"https:\/\/code.efi.ohmportal.de\/blog\/wp-content\/uploads\/2018\/11\/dialogflow-600x209.png.pagespeed.ce_.O6MTyIWmrm-300x105.png","datePublished":"2018-11-13T07:07:36+00:00","dateModified":"2018-11-13T07:07:56+00:00","breadcrumb":{"@id":"https:\/\/code.efi.ohmportal.de\/blog\/abschlussarbeiten\/chatbot-entwicklung-mit-dialogflow\/#breadcrumb"},"inLanguage":"de","potentialAction":[{"@type":"ReadAction","target":["https:\/\/code.efi.ohmportal.de\/blog\/abschlussarbeiten\/chatbot-entwicklung-mit-dialogflow\/"]}]},{"@type":"ImageObject","inLanguage":"de","@id":"https:\/\/code.efi.ohmportal.de\/blog\/abschlussarbeiten\/chatbot-entwicklung-mit-dialogflow\/#primaryimage","url":"https:\/\/code.efi.ohmportal.de\/blog\/wp-content\/uploads\/2018\/11\/dialogflow-600x209.png.pagespeed.ce_.O6MTyIWmrm.png","contentUrl":"https:\/\/code.efi.ohmportal.de\/blog\/wp-content\/uploads\/2018\/11\/dialogflow-600x209.png.pagespeed.ce_.O6MTyIWmrm.png","width":600,"height":209,"caption":"DialogFLow Logo"},{"@type":"BreadcrumbList","@id":"https:\/\/code.efi.ohmportal.de\/blog\/abschlussarbeiten\/chatbot-entwicklung-mit-dialogflow\/#breadcrumb","itemListElement":[{"@type":"ListItem","position":1,"name":"Angebot von Projekt- und Abschlussarbeiten","item":"https:\/\/code.efi.ohmportal.de\/blog\/abschlussarbeiten\/"},{"@type":"ListItem","position":2,"name":"Chatbot-Entwicklung mit DialogFlow"}]},{"@type":"WebSite","@id":"https:\/\/code.efi.ohmportal.de\/blog\/#website","url":"https:\/\/code.efi.ohmportal.de\/blog\/","name":"Code Comments","description":"","potentialAction":[{"@type":"SearchAction","target":{"@type":"EntryPoint","urlTemplate":"https:\/\/code.efi.ohmportal.de\/blog\/?s={search_term_string}"},"query-input":{"@type":"PropertyValueSpecification","valueRequired":true,"valueName":"search_term_string"}}],"inLanguage":"de"}]}},"jetpack_shortlink":"https:\/\/wp.me\/P8QwJV-dz","jetpack_sharing_enabled":true,"_links":{"self":[{"href":"https:\/\/code.efi.ohmportal.de\/blog\/wp-json\/wp\/v2\/pages\/841","targetHints":{"allow":["GET"]}}],"collection":[{"href":"https:\/\/code.efi.ohmportal.de\/blog\/wp-json\/wp\/v2\/pages"}],"about":[{"href":"https:\/\/code.efi.ohmportal.de\/blog\/wp-json\/wp\/v2\/types\/page"}],"author":[{"embeddable":true,"href":"https:\/\/code.efi.ohmportal.de\/blog\/wp-json\/wp\/v2\/users\/1"}],"replies":[{"embeddable":true,"href":"https:\/\/code.efi.ohmportal.de\/blog\/wp-json\/wp\/v2\/comments?post=841"}],"version-history":[{"count":2,"href":"https:\/\/code.efi.ohmportal.de\/blog\/wp-json\/wp\/v2\/pages\/841\/revisions"}],"predecessor-version":[{"id":844,"href":"https:\/\/code.efi.ohmportal.de\/blog\/wp-json\/wp\/v2\/pages\/841\/revisions\/844"}],"up":[{"embeddable":true,"href":"https:\/\/code.efi.ohmportal.de\/blog\/wp-json\/wp\/v2\/pages\/323"}],"wp:attachment":[{"href":"https:\/\/code.efi.ohmportal.de\/blog\/wp-json\/wp\/v2\/media?parent=841"}],"curies":[{"name":"wp","href":"https:\/\/api.w.org\/{rel}","templated":true}]}}